{"id":723,"date":"2021-02-17T10:22:25","date_gmt":"2021-02-17T09:22:25","guid":{"rendered":"http:\/\/dev.almadental.pl\/?page_id=723"},"modified":"2021-04-08T10:49:49","modified_gmt":"2021-04-08T08:49:49","slug":"po-jakich-wizytach-powinienem-udac-sie-na-wizyte-kontrolna","status":"publish","type":"page","link":"https:\/\/www.almadental.pl\/index.php\/poradnik-dla-pacjenta\/po-jakich-wizytach-powinienem-udac-sie-na-wizyte-kontrolna\/","title":{"rendered":"Po jakich wizytach powinienem uda\u0107 si\u0119 na wizyt\u0119 kontroln\u0105."},"content":{"rendered":"\t\t<div data-elementor-type=\"wp-page\" data-elementor-id=\"723\" class=\"elementor elementor-723\">\n\t\t\t\t\t\t\t\t\t<section class=\"elementor-section elementor-top-section elementor-element elementor-element-f80da91 elementor-section-boxed elementor-section-height-default elementor-section-height-default\" data-id=\"f80da91\" data-element_type=\"section\">\n\t\t\t\t\t\t<div class=\"elementor-container elementor-column-gap-default\">\n\t\t\t\t\t<div class=\"elementor-column elementor-col-100 elementor-top-column elementor-element elementor-element-e80e1b3\" data-id=\"e80e1b3\" data-element_type=\"column\">\n\t\t\t<div class=\"elementor-widget-wrap elementor-element-populated\">\n\t\t\t\t\t\t\t\t<div class=\"elementor-element elementor-element-9ae6931 elementor-widget elementor-widget-heading\" data-id=\"9ae6931\" data-element_type=\"widget\" data-widget_type=\"heading.default\">\n\t\t\t\t<div class=\"elementor-widget-container\">\n\t\t\t<h2 class=\"elementor-heading-title elementor-size-default\">Po jakich wizytach powinienem uda\u0107 si\u0119 na wizyt\u0119 kontroln\u0105<\/h2>\t\t<\/div>\n\t\t\t\t<\/div>\n\t\t\t\t<div class=\"elementor-element elementor-element-823bfb7 elementor-widget elementor-widget-text-editor\" data-id=\"823bfb7\" data-element_type=\"widget\" data-widget_type=\"text-editor.default\">\n\t\t\t\t<div class=\"elementor-widget-container\">\n\t\t\t\t\t\t\t<p>\u00a0 \u00a0 \u00a0 \u00a0 Niekt\u00f3re wizyty u lekarza stomatologa wi\u0105\u017c\u0105 si\u0119 z kontynuacj\u0105 leczenia stomatologicznego w okre\u015blonym czasie. Do najcz\u0119stszych zabieg\u00f3w, po kt\u00f3rych nale\u017cy koniecznie uda\u0107 si\u0119 na kolejna wizyt\u0119 do stomatologa jest za\u0142o\u017cenie opatrunku w leczonym z\u0119bie, zdj\u0119cie szw\u00f3w po zabiegu usuwania z\u0119ba\/z\u0119b\u00f3w oraz inne sytuacje, kiedy planowana jest kontynuacja leczenia stomatologicznego lub kontrola po jego przeprowadzeniu. Lekarz stomatolog powinien poinformowa\u0107 pacjenta o konieczno\u015bci kolejnej wizyty i wskaza\u0107 za jaki czas powinna si\u0119 ona odby\u0107. My w gabinecie AlmaDental wiemy, \u017ce pacjent mo\u017ce zapomnie\u0107 o terminie kolejnej wizyty zaleconej przez stomatologa, dlatego na \u017cyczenie pacjenta dzwonimy z przypomnieniem o wizycie.<\/p>\t\t\t\t\t\t<\/div>\n\t\t\t\t<\/div>\n\t\t\t\t\t<\/div>\n\t\t<\/div>\n\t\t\t\t\t\t\t<\/div>\n\t\t<\/section>\n\t\t\t\t\t\t\t<\/div>\n\t\t","protected":false},"excerpt":{"rendered":"<p>Po jakich wizytach powinienem uda\u0107 si\u0119 na wizyt\u0119 kontroln\u0105 \u00a0 \u00a0 \u00a0 \u00a0 Niekt\u00f3re wizyty u lekarza stomatologa wi\u0105\u017c\u0105 si\u0119 z kontynuacj\u0105 leczenia stomatologicznego w okre\u015blonym czasie. Do najcz\u0119stszych zabieg\u00f3w, po kt\u00f3rych nale\u017cy koniecznie uda\u0107 si\u0119 na kolejna wizyt\u0119 do stomatologa jest za\u0142o\u017cenie opatrunku w leczonym z\u0119bie, zdj\u0119cie szw\u00f3w po zabiegu usuwania z\u0119ba\/z\u0119b\u00f3w oraz inne &hellip;<\/p>\n<p class=\"read-more\"> <a class=\"\" href=\"https:\/\/www.almadental.pl\/index.php\/poradnik-dla-pacjenta\/po-jakich-wizytach-powinienem-udac-sie-na-wizyte-kontrolna\/\"> <span class=\"screen-reader-text\">Po jakich wizytach powinienem uda\u0107 si\u0119 na wizyt\u0119 kontroln\u0105.<\/span> Read More \u00bb<\/a><\/p>\n","protected":false},"author":3,"featured_media":0,"parent":170,"menu_order":0,"comment_status":"closed","ping_status":"closed","template":"","meta":{"site-sidebar-layout":"no-sidebar","site-content-layout":"page-builder","ast-site-content-layout":"","site-content-style":"default","site-sidebar-style":"default","ast-global-header-display":"","ast-banner-title-visibility":"","ast-main-header-display":"","ast-hfb-above-header-display":"","ast-hfb-below-header-display":"","ast-hfb-mobile-header-display":"","site-post-title":"disabled","ast-breadcrumbs-content":"","ast-featured-img":"disabled","footer-sml-layout":"","theme-transparent-header-meta":"enabled","adv-header-id-meta":"","stick-header-meta":"default","header-above-stick-meta":"","header-main-stick-meta":"","header-below-stick-meta":"","astra-migrate-meta-layouts":"","footnotes":""},"_links":{"self":[{"href":"https:\/\/www.almadental.pl\/index.php\/wp-json\/wp\/v2\/pages\/723"}],"collection":[{"href":"https:\/\/www.almadental.pl\/index.php\/wp-json\/wp\/v2\/pages"}],"about":[{"href":"https:\/\/www.almadental.pl\/index.php\/wp-json\/wp\/v2\/types\/page"}],"author":[{"embeddable":true,"href":"https:\/\/www.almadental.pl\/index.php\/wp-json\/wp\/v2\/users\/3"}],"replies":[{"embeddable":true,"href":"https:\/\/www.almadental.pl\/index.php\/wp-json\/wp\/v2\/comments?post=723"}],"version-history":[{"count":11,"href":"https:\/\/www.almadental.pl\/index.php\/wp-json\/wp\/v2\/pages\/723\/revisions"}],"predecessor-version":[{"id":888,"href":"https:\/\/www.almadental.pl\/index.php\/wp-json\/wp\/v2\/pages\/723\/revisions\/888"}],"up":[{"embeddable":true,"href":"https:\/\/www.almadental.pl\/index.php\/wp-json\/wp\/v2\/pages\/170"}],"wp:attachment":[{"href":"https:\/\/www.almadental.pl\/index.php\/wp-json\/wp\/v2\/media?parent=723"}],"curies":[{"name":"wp","href":"https:\/\/api.w.org\/{rel}","templated":true}]}}